102 = 3*p. Suppose 7*m - u - 59 = 4*m, -5*u = 4*m - 47. Calculate the greatest common factor of m and p.
18
Let i be (-11)/(55/(-12))*-5. Let t = 14 + i. Suppose -l + t*k + 20 = 0, -55 = -5*l + l + 3*k. Calculate the greatest common divisor of l and 40.
10
Let q be (66/12)/((-5)/(-40)). Calculate the highest common factor of 506 and q.
22
Suppose 15*h + 414 = 17*h - 4*a, 3*a = 2*h - 418. What is the highest common factor of h and 86?
43
Let r = -659 - -767. What is the greatest common factor of r and 189?
27
Suppose -19 = -n - 4*u, -u - 26 = -2*n - 5*u. Let r be -26*(-5)/2 - (-6)/(-3). What is the greatest common divisor of n and r?
7
Suppose -4*v - 1237 = 3*m, 3*v + m - 3*m = -949. Let h = v + 468. What is the greatest common divisor of 62 and h?
31
Let m(f) = -f**2 + 11*f - 28. Let l be m(8). Let d be (3 - 2)*(8/1 - l). What is the greatest common factor of d and 54?
6
Let j be 5/(-1*1)*(-1368)/190. Let r be ((-6)/5)/((-2)/15). What is the greatest common divisor of j and r?
9
Let p be 2/(16/3558) + (-57)/76. Calculate the greatest common divisor of p and 12.
12
Let k be (-30)/(-4 - 174/(-45)). Suppose 12*g + 9 = k. Calculate the greatest common factor of 6 and g.
6
Let z(y) = -4*y**2 + 10*y + y**3 - 11*y + 7*y**2. Let t be z(-3). Suppose -r = t*r - 120. Calculate the highest common divisor of r and 10.
10
Let r = 25 - 15. Suppose -r*o = -7*o. Suppose -5*l + 3*l + 18 = o. Calculate the highest common divisor of 72 and l.
9
Let m(n) = -2*n - 4. Let s be m(-9). Let r(b) = 14*b**3 + 2*b**2 - b + 2. Let k be r(-2). Let c = 142 + k. Calculate the greatest common divisor of c and s.
14
Let h be (-1)/(((-2)/(-359))/(-2)). Let u be 1/(-5)*-577 - 33/(-55). Let j = h - u. Calculate the highest common divisor of j and 27.
27
Let r be (-163)/(-15) + 4/30. Suppose -m - 8 = -r. Calculate the greatest common divisor of m and 3.
3
Let h(p) = -p**2 - 22*p - 12. Let n be h(-21). Suppose 7 + 23 = 5*w. What is the highest common factor of w and n?
3
Suppose w - 5*c = -10*c + 6, 5*w - 4*c - 88 = 0. What is the greatest common divisor of 152 and w?
8
Let w = 62 - -37. Let v be (1 - -39)*w/22. Calculate the greatest common divisor of 72 and v.
36
Let k = -197 + 242. What is the greatest common divisor of 585 and k?
45
Let o(k) = -8*k + 162. Let l be o(4). Calculate the highest common divisor of l and 90.
10
Let w be (-14)/(-112) - 62/(-16). Suppose -5*q = -w - 1. What is the greatest common factor of 3 and q?
1
Let p = -160 + 241. Calculate the highest common factor of p and 9.
9
Let b be ((-180)/16)/(-5)*(-160)/(-24). Calculate the highest common divisor of 285 and b.
15
Suppose 4 = 4*q - 4. Suppose -q*n = -n - 180. Suppose 35*x - 116 = -3*d + 39*x, 0 = -5*d - 4*x + 172. Calculate the highest common divisor of d and n.
36
Let o be 228/(-4)*8/(-6). Let q be (-2272)/(-60) - (-6)/45. What is the highest common factor of o and q?
38
Let x = 736 - 416. Calculate the greatest common factor of x and 20.
20
Let y(h) = -8*h - 44. Let w be y(-11). Let c = 41 + -37. Calculate the highest common factor of w and c.
4
Let c be (6/(-4))/((-12)/32). Let f be (1/((-1)/(-1)))/(-1). Let y be f*1*(-15 + 7). Calculate the greatest common divisor of c and y.
4
Let k = 4 + -26. Let h be (-10)/2*6/3. Let l = h - k. Calculate the highest common divisor of 4 and l.
4
Suppose -2*y = -7*y + 365. Let d be y + -3 + 3 + 4. What is the greatest common divisor of d and 7?
7
Let d(h) = 3*h**3 + h**2 + 2*h + 9. Let z be d(0). Calculate the highest common divisor of z and 1179.
9
Suppose u - g = 26, 0*u - 5*u + 138 = -3*g. Suppose 5*p + 5648 - 6998 = 0. What is the greatest common factor of p and u?
30
Suppose 3*m - 148 = 2*w, -4*m - 3*w + 184 = w. Let i be m/10 + (-2)/(-10). Suppose 2*a - i*a = -540. Calculate the greatest common divisor of 20 and a.
20
Suppose 35*d - 944 = 106. What is the highest common divisor of 90 and d?
30
Suppose 5*z - 120 = 10*z. Let m be 6/z - (-74)/8. Let g(l) = 6*l - 3. Let t be g(2). What is the highest common factor of t and m?
9
Let s be (108/(-32))/((-9)/6)*12. Suppose 0 - 8 = -4*u. Suppose 0 = -a - u*c + 24, -a + 16 - 1 = -c. What is the highest common factor of a and s?
9
Let i(r) = -18 - 4 - 14*r + 1 + 0. Let w be i(-7). Calculate the highest common factor of w and 11.
11
Suppose 4*h + 3*d = -d, -2*h - d + 5 = 0. Suppose 3*c + h*s - 36 = 3*s, -c + 2*s + 20 = 0. Calculate the highest common factor of c and 98.
14
Let x = 85 - 82. Suppose x*g = -3*g + 84. What is the highest common divisor of g and 112?
14
Let r(m) = m**3 - 44*m**2 - 41*m + 12. Let h be r(45). Calculate the greatest common factor of h and 2.
2
Let p be (-4)/6*759/(-46). What is the highest common factor of 11 and p?
11
Let h(t) = -t**3 + 8*t**2 + 5*t - 11. Let n = 24 + -18. Let p be h(n). Calculate the greatest common divisor of 13 and p.
13
Let t = 101 - 84. Let h(y) = -18*y + 9. Let f be h(-8). Calculate the greatest common divisor of f and t.
17
Let h be ((-2)/(-8)*-287)/(4/16). Let q = h - -449. Suppose 4*f - 3*c - 82 = -8*c, 0 = -5*f + 2*c + 86. Calculate the greatest common factor of q and f.
18
Let c be -1 + 8 + (0 - 3) + 1. Let z(b) = -4*b + 8. Let g be z(-8). What is the highest common factor of g and c?
5
Let y = 419 - 386. Suppose -4*s + 132 = -3*s. What is the greatest common divisor of y and s?
33
Let s be (51/15 - 1)/((-1)/(-10)). Calculate the greatest common divisor of 9 and s.
3
Let q = 28 - 11. Let j(v) = 8*v - 18*v + v**3 + 14 + 19*v**2 + 25*v. Let b be j(-18). What is the highest common divisor of b and q?
17
Suppose 3*g - 52 = -5*a, 0 = -2*g - 3*g - 5. Calculate the highest common divisor of a and 319.
11
Suppose -m = -5*m + 52. Suppose 19*c = m*c + 270. Calculate the highest common divisor of c and 15.
15
Let d = -131 - -136. Let y be (26 - 16)*6/d. What is the greatest common divisor of y and 18?
6
Suppose -4*m + 412 = 228. Calculate the greatest common factor of 230 and m.
46
Suppose -5*u + 168 = -2*u. Suppose 18*s = 540 - 36. What is the highest common factor of s and u?
28
Let d be (-10)/1*3/6. Let n(w) = -w**2 - 6*w + 4. Let u be n(d). Let k(y) = 67*y - 22. Let x be k(1). What is the greatest common divisor of u and x?
9
Let n = 163 + -162. Let d = 17 - 15. Suppose 8 = a - 3*h, h + 10 = d*a - 2*h. What is the highest common divisor of n and a?
1
Let s be (-9)/2 + 19/38. Let d be s + 1 - -9 - 3. Let h be 70 + (d - (-3 - -4)). Calculate the highest common factor of 9 and h.
9
Suppose 0 = -5*p - 19 + 9, 0 = 3*o + 3*p - 39. What is the highest common factor of 111 and o?
3
Let n = -153 + 167. Suppose 0 = -2*q + 5*q - 294. Calculate the greatest common factor of n and q.
14
Let h = -261 - -278. What is the greatest common factor of 85 and h?
17
Let b be 114/2 - (0 + 1). Let l(s) = -4*s - 18. Let r(g) = -8*g**2 + 2*g + 2. Let n be r(-1). Let p be l(n). Calculate the highest common factor of p and b.
14
Let a(s) = -10*s + 33. Let o be a(2). What is the highest common factor of 299 and o?
13
Let t be (-180)/(-42)*28/8. Suppose t*r = r + 476. Calculate the highest common divisor of 85 and r.
17
Let n(d) = 54*d**2 + 2*d + 53*d**2 + 1 - 2. Let w be n(1). Let i be ((-312)/169)/((-4)/26). What is the greatest common factor of w and i?
12
Suppose -2*z + f = -87, z + 4*f - 192 = -3*z. What is the greatest common divisor of z and 315?
45
Suppose -9 = 5*w + 6. Let t(m) = m**2 + 4*m + 6. Let g be t(w). Suppose 0 = -g*s + 37 + 65. Calculate the greatest common factor of s and 17.
17
Let z(f) = 2*f**2 + 13*f + 24. Let t be z(-6). Let j be (3/(-2))/(t/(-144)). What is the greatest common divisor of j and 6?
6
Let l(w) = -w**3 + 9*w**2 - 4*w + 7. Let h be l(7). Suppose 7*u + 3*a - h = 2*u, 0 = -u + 4*a + 20. What is the greatest common factor of u and 144?
16
Suppose -5*a + 1564 = p, a - 91 = 5*p + 201. What is the highest common divisor of a and 39?
39
Let k = -73 + 76. Suppose 0*h - k*h - 4*m + 136 = 0, -2 = m. What is the greatest common divisor of h and 120?
24
Let a(o) = -19*o - 93. Let y be a(-7). What is the greatest common factor of 8 and y?
8
Let x(d) = 26*d + 114. Let b be x(-3). Let p be 4/(-14) + (4945/35 - -3). What is the greatest common divisor of p and b?
36
Let i be (79 + -2)*(-4)/(-4). Suppose -1 = 6*o - 121. Let s = o - 13. Calculate the greatest common divisor of i and